32143?
-132140
In base 14, what is -11c4 - -12?
-11b2
In base 8, what is 5 - -117152?
117157
In base 5, what is 10401402 + -20?
10401332
In base 11, what is -186 + 53?
-133
In base 5, what is 103112 + 4?
103121
In base 4, what is -10331110220 - 1?
-10331110221
In base 11, what is 1662 + 1?
1663
In base 9, what is 10680 + -183?
10486
In base 11, what is -389 + -246?
-624
In base 8, what is 3 - -640025?
640030
In base 11, what is -4 - 1418?
-1421
In base 7, what is -54651 - 10?
-54661
In base 11, what is -13978 - -31?
-13947
In base 14, what is 5046 + 5?
504b
In base 11, what is 50 + -333?
-293
In base 15, what is -5 + -1ded5?
-1deda
In base 14, what is -42ad6 - -2?
-42ad4
In base 9, what is 7 - 261278?
-261271
In base 2, what is 101111101011 - 110?
101111100101
In base 6, what is -120 + -122441?
-123001
In base 6, what is 4150524 - -3?
4150531
In base 2, what is 1110111110110 - -11101?
1111000010011
In base 15, what is 2da - 1667?
-137c
In base 15, what is 2 - -999be?
999c1
In base 4, what is 21010 + 3012?
30022
In base 8, what is 455457 + 1?
455460
In base 6, what is 14520233 - 2?
14520231
In base 9, what is -818 - -338?
-470
In base 14, what is 3700b8 + -3?
3700b5
In base 2, what is -10011110 - -1000?
-10010110
In base 15, what is e3 + -150?
-5c
In base 4, what is 2321013 - 1321?
2313032
In base 7, what is 2526331 - 1?
2526330
In base 9, what is -4 + -234018?
-234023
In base 6, what is 414555 + 4?
415003
In base 4, what is 3133 + 21232?
31031
In base 10, what is 5 + 36142?
36147
In base 2, what is -1101101110 + -10001111000?
-11111100110
In base 3, what is 1 + 20221022?
20221100
In base 15, what is 0 + 175ca8?
175ca8
In base 10, what is -11 - -2439?
2428
In base 5, what is 1 - 442013?
-442012
In base 4, what is -12031 + -22312?
-101003
In base 3, what is -10110022022 - -11?
-10110022011
In base 6, what is 2 - 1453?
-1451
In base 16, what is 19 - 925?
-90c
In base 8, what is -1143465 + 17?
-1143446
In base 12, what is 1337 + 0?
1337
In base 15, what is 965 - ab?
8a9
In base 15, what is 1b - 2413?
-23e7
In base 4, what is 203230 - 112?
203112
In base 15, what is 2d - 809?
-7cb
In base 8, what is 4 - -366420?
366424
In base 10, what is -6 - -19116?
19110
In base 10, what is 51 - -12608?
12659
In base 10, what is 18738 - 1?
18737
In base 9, what is -2268 - -32?
-2236
In base 5, what is -121 - -411033?
410412
In base 9, what is -18 - 3140?
-3158
In base 10, what is 210 + -212?
-2
In base 13, what is 134c3b8 - -5?
134c3c0
In base 2, what is 1010001 - 100100101?
-11010100
In base 4, what is 2 + -201020330?
-201020322
In base 5, what is -334244 + -4?
-334303
In base 6, what is 0 - 415444?
-415444
In base 13, what is -101 - 3a32?
-3b33
In base 10, what is 14732 + 0?
14732
In base 16, what is -e1ac + 3?
-e1a9
In base 16, what is b912 - 17?
b8fb
In base 5, what is -3 - 21213?
-21221
In base 8, what is 11 + -1605?
-1574
In base 12, what is -1b6 - -92?
-124
In base 10, what is 12394 + 1?
12395
In base 12, what is -461 + -4?
-465
In base 11, what is -38598 - -15?
-38583
In base 9, what is -532810 + -12?
-532822
In base 10, what is -342 - -1142?
800
In base 10, what is 509 + 12?
521
In base 12, what is 3 + a0077?
a007a
In base 5, what is -1302112320 - 3?
-1302112323
In base 3, what is -1212102 - 210211?
-2200020
In base 11, what is -5 + 24638?
24633
In base 11, what is -4 - 11a7?
-1200
In base 11, what is -1a31 - 1?
-1a32
In base 10, what is -31573 + 3?
-31570
In base 10, what is 60 + -801?
-741
In base 6, what is 1001105 + 5?
1001114
In base 7, what is 4 - 13565?
-13561
In base 2, what is -1111110001111 - 1110?
-1111110011101
In base 14, what is -191c + 3?
-1919
In base 15, what is a + 26b1?
26bb
In base 3, what is 12 - 22120120?
-22120101
In base 12, what is 131 + 165?
296
In base 10, what is -2 - 604816?
-604818
In base 7, what is 3121 + -13?
3105
In base 4, what is -13123 - -130?
-12333
In base 15, what is -3d1903 - 4?
-3d1907
In base 4, what is -33 - 20331211?
-20331310
In base 8, what is -1 + 3316077?
3316076
In base 8, what is -171 - 1230?
-1421
In base 12, what is -207 - -a78?
871
In base 4, what is 10122 + -320?
3202
In base 14, what is -13aad + -7?
-13ab6
In base 5, what is 100 + -2144213?
-2144113
In base 7, what is 44166660 - 4?
44166653
In base 7, what is -4 + -442603?
-442610
In base 7, what is 1610 + -44?
1533
In base 14, what is 2 - 3826?
-3824
In base 13, what is -6a1 + c7?
-5a7
In base 16, what is 11b2fb + 4?
11b2ff
In base 4, what is -2112120 - 10?
-2112130
In base 9, what is -7 + -4656?
-4664
In base 15, what is 5 - -51e?
524
In base 8, what is -3014645 + 0?
-3014645
In base 16, what is -2 + -5aba?
-5abc
In base 5, what is -431343111 + -4?
-431343120
In base 10, what is -105 - -332?
227
In base 9, what is 10552 + 1075?
11637
In base 16, what is 29af + -4?
29ab
In base 15, what is 9 - -3c531?
3c53a
In base 10, what is 3 - 10343?
-10340
In base 2, what is 1000100101101000 + -110110?
1000100100110010
In base 15, what is -1e91 + 6?
-1e8a
In base 6, what is 0 - -1110?
1110
In base 7, what is -4 + -3405?
-3412
In base 6, what is 4 - -1333424?
1333432
In base 16, what is 3f6c1 - 1?
3f6c0
In base 10, what is 41392 - 138?
41254
In base 13, what is 13b5 - -18?
1400
In base 3, what is 2122112 - 2110?
2120002
In base 8, what is -1262160 + 0?
-1262160
In base 6, what is -141 - -243232?
243051
In base 2, what is -100 + 100010010010101000?
100010010010100100
In base 4, what is 103333322 - -2?
103333330
In base 10, what is -4 + 56178?
56174
In base 6, what is 204330055 + 0?
204330055
In base 5, what is 1331 - -30213?
32044
In base 11, what is -3 - 14496?
-14499
In base 8, what is -10 + -110253?
-110263
In base 6, what is 5201 - -122?
5323
In base 2, what is -10010 - -110111110010110?
110111110000100
In base 12, what is -73a + -7?
-745
In base 13, what is 4 - 2080?
-2079
In base 8, what is 2135 + -62?
2053
In base 12, what is 3 - -109007?
10900a
In base 14, what is 17287 + 3b?
172c4
In base 12, what is b3 - -1857?
194a
In base 7, what is 1404 - -1023?
2430
In base 4, what is 3 - 1331011?
-1331002
In base 6, what is -1235012 - 0?
-1235012
In base 10, what is -2536 + -99?
-2635
In base 7, what is 105545 - -2?
105550
In base 7, what is -3 + -5512034?
-5512040
In base 13, what is -19053c + 2?
-19053a
In base 6, what is 5 - -33405?
33414
In base 12, what is 17 + 1625?
1640
In base 3, what is 2001111201 + 11?
2001111212
In base 11, what is a222 - 6?
a217
In base 5, what is 3432 - -343?
4330
In base 15, what is 1145 - -67?
11ac
In base 15, what is -6c - -1a3e?
19c2
In base 8, what is 3 + 114303?
114306
In base 14, what is -1ba + 220?
44
In base 2, what is 1 - -10000101001001011100?
10000101001001011101
In base 9, what is 872 + 2511?
3483
In base 10, what is 0 + -266854?
-266854
In base 7, what is -433 - 4210?
-4643
In base 3, what is -1201020002 + -201?
-1201020210
In base 7, what is -20046 + 11?
-20035
In base 3, what is -20211 + 21111?
200
In base 13, what is 30b - c8?
213
In base 13, what is -179462 + 0?
-179462
In base 6, what is -12301 - -5?
-12252
In base 13, what is 2 - 1979b?
-19799
In base 16, what is a0b + -9c?
96f
In base 16, what is 0 + 8aaf?
8aaf
In base 2, what is 100 + -100101110101110101?
-100101110101110001
In base 11, what is -2 + 79442?
79440
In base 6, what is 441152 + 31?
441223
In base 16, what is -41b - -33?
-3e8
In base 12, what is 4 - 373a4?
-373a0
In base 10, what is 2 + -1682317?
-1682315
In base 3, what is 11 - -1212221100?
1212221111
In base 15, what is 0 + -8652?
-8652
In base 3, what is 1220221012 - 10?
1220221002
In base 8, what is 4 + 224562?
224566
In base 9, what is -17 + -164610?
-164627
In base 4, what is 112230211 - 13?
112230132
In base 5, what is 0 - 1412441?
-1412441
In base 12, what is -1 + -19335b?
-193360
In base 4, what is -21113331 + 110?
-21113221
In base 9, what is 781 + -707?
73
In base 7, what is -3 + 261465?
261462
In base 15, what is -7 + -bd57?
-bd5e
In base 2, what is 101 + -10100011110000011?
-10100011101111110
In base 3, what is -1122 - 111201?
-120100
In base 5, what is 10 - -13432200?
13432210
In base 6, what is -121104 - 5?
-121113
In base 9, what is -2440003 - -4?
-2438888
In base 11, what is -5a + -4a16?
-4a75
In base 9, what is 248 - 38?
210
In base 6, what is 2322322 - 52?
2322230
In base 5, wh